ors of 952723?
31, 73, 421
What are the prime factors of 39800?
2, 5, 199
List the prime factors of 1089339.
3, 149, 2437
List the prime factors of 190980.
2, 3, 5, 1061
List the prime factors of 258045.
3, 5, 17203
What are the prime factors of 19587?
3, 6529
What are the prime factors of 17269963?
17269963
List the prime factors of 596806.
2, 7, 47, 907
What are the prime factors of 437225?
5, 17489
List the prime factors of 1267821.
3, 140869
What are the prime factors of 1647157?
97, 16981
List the prime factors of 1601758.
2, 800879
List the prime factors of 7726543.
11, 702413
List the prime factors of 500959.
67, 7477
List the prime factors of 591757.
591757
What are the prime factors of 34689771?
3, 29, 132911
What are the prime factors of 9518029?
2617, 3637
List the prime factors of 988751.
37, 26723
List the prime factors of 23744379.
3, 7914793
What are the prime factors of 4226476?
2, 239, 4421
What are the prime factors of 180994?
2, 11, 19, 433
What are the prime factors of 72217?
257, 281
What are the prime factors of 2266241?
617, 3673
What are the prime factors of 17191782?
2, 3, 733, 1303
List the prime factors of 14583945.
3, 5, 972263
What are the prime factors of 6863338?
2, 23, 31, 4813
List the prime factors of 245418.
2, 3, 40903
What are the prime factors of 9736569?
3, 19, 97, 587
List the prime factors of 757219.
29, 26111
What are the prime factors of 22256231?
22256231
What are the prime factors of 544592?
2, 101, 337
What are the prime factors of 63608?
2, 7951
What are the prime factors of 230335?
5, 7, 6581
What are the prime factors of 855119?
855119
List the prime factors of 1651919.
211, 7829
List the prime factors of 12200438.
2, 1327, 4597
List the prime factors of 3452802.
2, 3, 17, 33851
What are the prime factors of 6607893?
3, 2202631
List the prime factors of 102769.
102769
List the prime factors of 1908956.
2, 7, 79, 863
List the prime factors of 16730328.
2, 3, 31, 113, 199
What are the prime factors of 705055?
5, 13, 10847
List the prime factors of 23691397.
23691397
What are the prime factors of 3495564?
2, 3, 89, 1091
What are the prime factors of 2839531?
19, 199, 751
List the prime factors of 15229478.
2, 11, 692249
List the prime factors of 2665948.
2, 97, 6871
What are the prime factors of 6156450?
2, 3, 5, 13681
What are the prime factors of 3413293?
13, 19, 1063
What are the prime factors of 7948521?
3, 7, 71, 1777
List the prime factors of 733392.
2, 3, 11, 463
List the prime factors of 574836.
2, 3, 47903
List the prime factors of 2358945.
3, 5, 19, 31, 89
What are the prime factors of 379532?
2, 239, 397
List the prime factors of 2364613.
43, 127, 433
What are the prime factors of 1212113?
7, 29, 853
What are the prime factors of 15091164?
2, 3, 11, 12703
List the prime factors of 3841229.
7, 37, 14831
What are the prime factors of 3611825?
5, 7, 20639
List the prime factors of 17547798.
2, 3, 31, 94343
List the prime factors of 890302.
2, 7, 19, 3347
List the prime factors of 225845.
5, 17, 2657
What are the prime factors of 1794824?
2, 157, 1429
List the prime factors of 1406916.
2, 3, 7, 1861
What are the prime factors of 4829331?
3, 13, 123829
List the prime factors of 2618854.
2, 7, 26723
What are the prime factors of 848525?
5, 33941
What are the prime factors of 245912?
2, 59, 521
List the prime factors of 804847.
804847
List the prime factors of 2463816.
2, 3, 251, 409
List the prime factors of 26546882.
2, 13273441
List the prime factors of 205432.
2, 25679
What are the prime factors of 1858131?
3, 11, 137
List the prime factors of 141306.
2, 3, 11, 2141
What are the prime factors of 1609925?
5, 71, 907
List the prime factors of 594698.
2, 13, 89, 257
What are the prime factors of 246014?
2, 123007
List the prime factors of 1118835.
3, 5, 23, 47
List the prime factors of 202626.
2, 3, 11257
List the prime factors of 85520.
2, 5, 1069
What are the prime factors of 35427229?
19, 1864591
What are the prime factors of 147764?
2, 17, 41, 53
List the prime factors of 1458689.
43, 33923
List the prime factors of 16041231.
3, 61, 479
List the prime factors of 1234738.
2, 617369
What are the prime factors of 31278368?
2, 11, 17, 5227
What are the prime factors of 4989823?
17, 41, 7159
List the prime factors of 740769.
3, 246923
What are the prime factors of 119267?
119267
What are the prime factors of 3548223?
3, 7, 17, 3313
What are the prime factors of 7923571?
887, 8933
List the prime factors of 805354.
2, 11, 36607
What are the prime factors of 3324948?
2, 3, 11, 25189
List the prime factors of 147423.
3, 157, 313
List the prime factors of 199839.
3, 29, 2297
What are the prime factors of 714567?
3, 7, 4861
List the prime factors of 1343086.
2, 149, 4507
What are the prime factors of 432185?
5, 13, 61, 109
What are the prime factors of 4410922?
2, 17, 129733
What are the prime factors of 13392022?
2, 7, 17, 56269
List the prime factors of 1441961.
109, 13229
List the prime factors of 2299.
11, 19
List the prime factors of 362942.
2, 89, 2039
List the prime factors of 434878.
2, 217439
What are the prime factors of 699311?
419, 1669
List the prime factors of 10708565.
5, 7, 271, 1129
What are the prime factors of 375331?
11, 149, 229
List the prime factors of 3164743.
313, 10111
List the prime factors of 775358.
2, 387679
What are the prime factors of 519052?
2, 129763
What are the prime factors of 770729?
17, 45337
List the prime factors of 2479607.
13, 23, 8293
List the prime factors of 3257613.
3, 283, 1279
List the prime factors of 196423.
89, 2207
List the prime factors of 209768.
2, 13, 2017
List the prime factors of 476948.
2, 119237
What are the prime factors of 277125?
3, 5, 739
List the prime factors of 607961.
607961
What are the prime factors of 7284613?
7, 1040659
What are the prime factors of 9193853?
19, 673, 719
List the prime factors of 364171.
364171
What are the prime factors of 3272965?
5, 654593
What are the prime factors of 7391569?
1499, 4931
What are the prime factors of 318994?
2, 13, 12269
List the prime factors of 387186.
2, 3, 47, 1373
List the prime factors of 9218273.
79, 116687
List the prime factors of 1585809.
3, 176201
List the prime factors of 883221.
3, 31, 9497
List the prime factors of 184400.
2, 5, 461
List the prime factors of 2104898.
2, 127, 8287
List the prime factors of 15933003.
3, 1109, 4789
What are the prime factors of 3796?
2, 13, 73
List the prime factors of 2041158.
2, 3, 7, 23, 2113
List the prime factors of 667907.
19, 35153
List the prime factors of 420018.
2, 3, 70003
List the prime factors of 9403159.
17, 23, 24049
What are the prime factors of 117541?
117541
What are the prime factors of 397524?
2, 3, 157, 211
List the prime factors of 13422014.
2, 443, 15149
What are the prime factors of 135602?
2, 67801
What are the prime factors of 12004419?
3, 7, 523, 1093
What are the prime factors of 670038?
2, 3, 17, 6569
List the prime factors of 13833194.
2, 383, 18059
What are the prime factors of 2282025?
3, 5, 30427
List the prime factors of 444230.
2, 5, 31, 1433
What are the prime factors of 357734?
2, 13, 13759
List the prime factors of 183419.
149, 1231
What are the prime factors of 15328410?
2, 3, 5, 599, 853
What are the prime factors of 522807?
3, 229, 761
What are the prime factors of 45163?
19, 2377
List the prime factors of 138743.
11, 12613
List the prime factors of 290266.
2, 145133
List the prime factors of 10113343.
79, 313, 409
What are the prime factors of 359877?
3, 7, 17137
What are the prime factors of 5228732?
2, 1307183
List the prime factors of 2330491.
2330491
List the prime factors of 6818637.
3, 7, 324697
List the prime factors of 329440.
2, 5, 29, 71
List the prime factors of 226423.
17, 19, 701
List the prime factors of 75643.
67, 1129
List the prime factors of 6727797.
3, 29, 149, 173
List the prime factors of 730401.
3, 7, 34781
List the prime factors of 46275.
3, 5, 617
What are the prime factors of 432759?
3, 144253
What are the prime factors of 313041?
3, 104347
What are the prime factors of 168765?
3, 5, 11251
What are the prime factors of 1909410?
2, 3, 5, 63647
List the prime factors of 623969.
53, 61, 193
What are the prime factors of 3723876?
2, 3, 13, 73, 109
List the prime factors of 365029